ist the prime factors of o.
43
Suppose 412704 = 28*l - 736249 - 684963. List the prime factors of l.
65497
Suppose -2*n + 12 = 5*b - 10, -6 = -2*n + 3*b. Let l be 1/(-7) - 13547/(-161). Suppose n*x - 4*x = l. List the prime factors of x.
2, 3, 7
Let x be (123/82)/((-2)/((-168)/(-2))). Let h = 46 + x. List the prime factors of (-5485)/(-40) + (-2)/(-1 - h).
137
Let w = -4971 + 6993. What are the prime factors of w?
2, 3, 337
Let a(k) = -k**3 - 6*k**2 + 2*k + 13. Let f be a(-6). Suppose -o = -1 - f. List the prime factors of (-180)/(-4) + (o/(-2) - 1).
43
Let c = -84475 - -127355. List the prime factors of c.
2, 5, 67
Suppose 185*i - 183*i = 2212. Suppose 4*k = -3*j + i + 445, -k - 524 = -j. List the prime factors of j.
521
Let s be 14 + (14 - 10)/(0 - -1). Let i(j) = j**3 - 18*j**2 + 9*j + 5. List the prime factors of i(s).
167
Let h(j) be the third derivative of -j**6/120 - 5*j**4/24 - 25*j**3/2 - 23*j**2 - 2*j. List the prime factors of h(-7).
3, 101
List the prime factors of (485/50 - (-3)/10) + 56592.
2, 7, 13, 311
List the prime factors of 12/84*2177 - -4*1.
3, 5, 7
Let i = -207 + -677. Let p = i - -1248. List the prime factors of p.
2, 7, 13
Suppose -5*s + 133310 = -n, 8*n = 25*s - 22*s - 79949. What are the prime factors of s?
7, 13, 293
Let a = -222 - -380. Let f = 2 + 1. Suppose a + 275 = 5*y - 4*b, -80 = -y + f*b. List the prime factors of y.
89
Suppose 3*j + s = 14, 13*j - 11*j - s - 1 = 0. Suppose j*a + 3313 = 5*q, -2*q + 9*a = 5*a - 1314. List the prime factors of q.
5, 7, 19
Let v be 9/3*(-3)/3. Let a(m) = -9*m**2 - 5*m + 1. Let o(q) = -5*q**2 - 2*q. Let j(i) = 2*a(i) - 5*o(i). What are the prime factors of j(v)?
5, 13
Suppose 286*z = 285*z + q + 9409, 3*z + 2*q = 28227. What are the prime factors of z?
97
Let v be 206/8 + 39/(-52). Let r = 599 - v. List the prime factors of r.
2, 7, 41
Suppose 0 = 56*c - 86281 - 245855 - 187040. List the prime factors of c.
73, 127
Suppose -5*v + 585 = -2*v. Let x = v - 161. List the prime factors of x.
2, 17
Suppose -6*a + 4*a = -8. Let h(o) = -o**3 + 3*o**2 + 8*o - 6. Let z be h(a). List the prime factors of (-26)/(-8)*2*z.
5, 13
Suppose b + 368 = 5*b. Let y = b - 65. Suppose 11*x + 336 = y*x. What are the prime factors of x?
3, 7
Suppose 48*c - 50*c - 4*a + 9086 = 0, -3*c + 13596 = -5*a. List the prime factors of c.
13, 349
Suppose 0 = -l + 541 + 419. Let p = l + -574. What are the prime factors of p?
2, 193
Let h be -1 + 483 - -10*4/8. Let i = 1662 - h. What are the prime factors of i?
5, 47
Let i(x) = 2*x**2 + x + 44. Let u be i(6). Let z = u - -106. What are the prime factors of z?
2, 3, 19
Let g be (-4)/5 + (6758/10 - 1). Suppose -4*q - n + 1338 = 0, -2*q + 16*n + g = 19*n. List the prime factors of q.
2, 167
List the prime factors of (-180)/(-75) + (-300015)/(-25).
3, 4001
Let g = 3690 + -3198. What are the prime factors of g?
2, 3, 41
Let r = -10 - -12. Suppose 5*f - r - 9 = -3*y, 4*f = 5*y + 31. What are the prime factors of (y - -4)/(1/97)?
97
Let d = 9 - 9. Let h be (-10)/1*(d - 684/8). Suppose 20*a - h = 11*a. List the prime factors of a.
5, 19
Suppose 157050 = 32*s - 7*s. What are the prime factors of s?
2, 3, 349
Let d(s) be the first derivative of 69*s**2 - 8*s + 28. What are the prime factors of d(4)?
2, 17
Suppose -j + 4*y = -2571, 2*j + 4*y - 5132 = 7*y. List the prime factors of j.
11, 233
Suppose -20*h = -22*h + 7488. What are the prime factors of 2/(-10) - (h/(-20) + 2)?
5, 37
Suppose 0*w = -4*h - 2*w + 14, 0 = -5*h - 5*w + 25. List the prime factors of 3/(h/7 + 79/(-301)).
3, 43
Let c(o) = -28*o + 261. Let k be c(-35). Suppose 6*w = 5*p + 8*w - k, -4*p - 2*w = -994. What are the prime factors of p?
13, 19
Suppose -2*p + n = -7193, -12*p - 5*n = -8*p - 14379. Suppose 0 = -17*v + 21*v - p. List the prime factors of v.
29, 31
Let f(i) = 7*i**2 - 51*i - 2464. What are the prime factors of f(-53)?
2, 3, 31, 107
Let x be 1 + 2 - (12/(-4) - -4). Let o = x + 41. Let k = o + 16. List the prime factors of k.
59
Suppose 0 = 2*c - 17*l - 91678, 24*l = 3*c + 21*l - 137382. What are the prime factors of c?
2, 11447
Let l(v) be the first derivative of -10*v**2 - 20*v - 24. Let a be l(-10). Suppose 0 = -19*m + 14*m + a. What are the prime factors of m?
2, 3
Let v(d) = 1508*d**2 - 116*d + 7. What are the prime factors of v(6)?
7, 13, 19, 31
List the prime factors of 55168/14*1309/374.
2, 431
List the prime factors of (97/(-3))/(((-392)/(-2562))/(-28)).
61, 97
Suppose -d - 5227 = -o, d = 2*o + 6*d - 10447. What are the prime factors of o?
2, 3, 13, 67
What are the prime factors of ((-2541010)/(-309))/(-4*(-4)/48)?
2, 5, 2467
Let j(g) = g**3 - 2*g**2 + 14*g + 2. Let l be 74*(-3)/(-18)*(-2 + -1). Let x = l - -43. List the prime factors of j(x).
2, 5, 23
Suppose 4*l + 4*d = 0, -l + 4*l - 16 = d. Let n be -4 + (11 - l - 2 - 1). What are the prime factors of (n + -52)/(14/(-21) + 0)?
2, 3, 13
Let k(z) = -z - 21. Let v be k(-29). Suppose -3*h + 1431 = 5*n, 2425 = 5*h + v*n - 13*n. List the prime factors of h.
2, 241
Let b = 13521 + -8474. List the prime factors of b.
7, 103
Let m(c) = 20*c**3 + 102*c**2 - 10*c + 24. List the prime factors of m(9).
2, 3, 13, 73
Let c = -71 - -69. Let k(s) = -149*s - 16. What are the prime factors of k(c)?
2, 3, 47
Suppose 5*w - 121698 = -m + 3*m, -w + 2*m = -24330. List the prime factors of w.
2, 3, 4057
Let j(s) = -s**2 + s + 60. Let v be j(0). Let a(n) = 7*n + 6. Let l be a(-3). Let i = l + v. What are the prime factors of i?
3, 5
Let w = 50 + -42. What are the prime factors of (-2 - -469) + w/(-2)?
463
Let w be (-1)/6 + 66235/78. Suppose 8*l + w = 2873. What are the prime factors of l?
11, 23
Let g be 26312/10 - (24/(-5) - -5). Suppose -g - 4145 = -4*t. List the prime factors of t.
2, 7, 11
Let u(g) = 19*g**2 + 14*g + 9. Suppose -5*v + 10 = -q - 10, -2*v = -3*q + 5. List the prime factors of u(q).
2, 277
Let l = -2645 + 14067. What are the prime factors of l?
2, 5711
Let y(s) = 4*s**2 + 3*s - 1. Let h be y(-3). Suppose 4*t + t + 58 = -4*n, 2*n = 3*t + h. List the prime factors of 1*t/(-15)*117.
2, 3, 13
Suppose -a = -4*t - 10659, 3*a + t - 4049 - 27993 = 0. What are the prime factors of a?
59, 181
Let v = 39 - 57. Let h = v - -12. What are the prime factors of 18 - ((-4)/h - 22/6)?
3, 7
Let k = 149 - 145. Suppose 1032 = k*l + i, 5*i + 258 = l + 3*i. What are the prime factors of l?
2, 3, 43
Suppose -6*n - 4*l + l - 9603 = 0, 4*n - 5*l = -6367. List the prime factors of (n - -2)/(7 + -9).
2, 3, 7, 19
Let d(c) = 3*c**2 + 34*c + 5479. What are the prime factors of d(0)?
5479
Suppose -65595 = -5*h - p, 99*p - 101*p = 10. What are the prime factors of h?
2, 5, 41
Suppose 5*u + 2*c + 7649 = 0, 4*u + 5*c = -7297 + 1171. Let a = -997 - u. List the prime factors of a.
2, 7, 19
Let i = -16848 + 36630. List the prime factors of i.
2, 3, 7, 157
Let u = -535 + 305. Let w be 4/22 - (-4 - u/55). Suppose 0 = -w*q + 6*q - 762. List the prime factors of q.
127
Suppose 0 = -2*h + 5*k + 3980, 5*h + 0*h = -5*k + 9915. Suppose 4985 = 34*i - h. What are the prime factors of i?
5, 41
Suppose 488*s - 462*s = 44694. What are the prime factors of s?
3, 191
Let o = -36744 - -64799. What are the prime factors of o?
5, 31, 181
List the prime factors of 346/(-4671) + (-647572)/(-54).
2, 1499
Suppose -43*d = -2*f - 46*d + 2284, -f + 4*d = -1164. What are the prime factors of f?
2, 7, 41
Suppose 142*w + 15*w - 628611 = 2601036. What are the prime factors of w?
3, 6857
Suppose -c - 439 = -3*j, -4*c = -4*j + 588 - 0. Let q(r) = -4*r**2 + 9*r. Let t be q(2). Suppose t*z = j + 4. What are the prime factors of z?
3, 5
Suppose -5*n - 9*i + 6*i + 17 = 0, -15 = -3*n + 3*i. Suppose n*g + 5*t = 477 + 3541, -4*g - 4*t + 4020 = 0. What are the prime factors of g?
19, 53
Let t(d) = d**3 - 4*d**2 - 7. Let a be t(5). Let r = 0 - a. Let h(n) = -n**3 - 17*n**2 + 11*n - 14. What are the prime factors of h(r)?
2, 7
Suppose -5*w - p = -9*w - 1936, w + 475 = -2*p. What are the prime factors of -3*(-7)/(-21)*w?
3, 7, 23
Suppose -17*y + 137688 + 77413 = 0. List the prime factors of y.
12653
Let k be ((-132)/36)/(-2*(-3)/(-1908)). Suppose -267 = m - k. What are the prime factors of m?
29, 31
Let s = -264 + 239. Let z(v) = -26*v - 46. What are the prime factors of z(s)?
2, 151
Let k(j) = -3*j**3 + 3*j**2 - 22*j - 